 is the remainder when 4531696 is divided by 129476?
36
What is the remainder when 225223 is divided by 5592?
1543
What is the remainder when 37620456 is divided by 405?
6
Calculate the remainder when 103929 is divided by 3704.
217
Calculate the remainder when 788875 is divided by 14343.
10
Calculate the remainder when 46716356 is divided by 62960.
36
Calculate the remainder when 73292 is divided by 8121.
203
What is the remainder when 6880518 is divided by 34?
6
What is the remainder when 3089 is divided by 1502?
85
Calculate the remainder when 1031901 is divided by 3287.
3070
What is the remainder when 48850 is divided by 204?
94
What is the remainder when 84077 is divided by 4667?
71
Calculate the remainder when 315847 is divided by 19565.
2807
Calculate the remainder when 1049682 is divided by 55.
7
What is the remainder when 300332 is divided by 6357?
1553
What is the remainder when 6875 is divided by 558?
179
Calculate the remainder when 15116708 is divided by 2437.
2434
Calculate the remainder when 155231343 is divided by 77615659.
25
What is the remainder when 1059251 is divided by 8827?
11
Calculate the remainder when 1472392 is divided by 245368.
184
Calculate the remainder when 177488 is divided by 1154.
926
What is the remainder when 447460 is divided by 13978?
164
What is the remainder when 49671351 is divided by 33?
15
What is the remainder when 483252497 is divided by 625?
622
Calculate the remainder when 3133121 is divided by 111859.
1069
What is the remainder when 2307380 is divided by 3040?
20
What is the remainder when 4624706 is divided by 72261?
2
Calculate the remainder when 6919440 is divided by 966.
948
Calculate the remainder when 7022 is divided by 1006.
986
Calculate the remainder when 1498047 is divided by 1648.
15
What is the remainder when 5554304 is divided by 427252?
28
What is the remainder when 6923012 is divided by 52?
44
What is the remainder when 9391107 is divided by 3191?
3185
Calculate the remainder when 539122 is divided by 269.
46
Calculate the remainder when 277791 is divided by 378.
339
Calculate the remainder when 2223399 is divided by 1858.
1231
What is the remainder when 171368 is divided by 42803?
156
What is the remainder when 2711437 is divided by 16332?
325
What is the remainder when 219387 is divided by 908?
559
Calculate the remainder when 16817772 is divided by 133473.
174
Calculate the remainder when 180806 is divided by 60173.
287
Calculate the remainder when 1344454 is divided by 604.
554
Calculate the remainder when 1140707 is divided by 2754.
551
What is the remainder when 3027139 is divided by 5157?
5137
What is the remainder when 29163866 is divided by 506?
50
What is the remainder when 246472 is divided by 246393?
79
What is the remainder when 719835 is divided by 4557?
4386
What is the remainder when 10002680 is divided by 1989?
1988
What is the remainder when 8648 is divided by 796?
688
What is the remainder when 625405 is divided by 287?
32
Calculate the remainder when 7452 is divided by 858.
588
Calculate the remainder when 473339 is divided by 121.
108
What is the remainder when 27955032 is divided by 1996788?
0
Calculate the remainder when 62899 is divided by 31432.
35
What is the remainder when 1110287 is divided by 1364?
1355
What is the remainder when 1842907 is divided by 22?
11
Calculate the remainder when 131930452 is divided by 1148.
1144
Calculate the remainder when 91367219 is divided by 14.
13
What is the remainder when 129366 is divided by 217?
34
Calculate the remainder when 20893802 is divided by 18.
14
What is the remainder when 63723 is divided by 174?
39
Calculate the remainder when 16588421 is divided by 592442.
45
What is the remainder when 286062 is divided by 1788?
1770
What is the remainder when 795029 is divided by 39747?
89
What is the remainder when 4330775 is divided by 2165383?
9
What is the remainder when 125810 is divided by 17964?
62
Calculate the remainder when 2720916 is divided by 906970.
6
Calculate the remainder when 3690448 is divided by 184522.
8
What is the remainder when 291291 is divided by 58241?
86
What is the remainder when 49499 is divided by 1403?
394
What is the remainder when 11229628 is divided by 142147?
15
Calculate the remainder when 186281 is divided by 13256.
697
What is the remainder when 607484 is divided by 121465?
159
Calculate the remainder when 482933824 is divided by 25.
24
What is the remainder when 2290476 is divided by 478?
378
What is the remainder when 661560 is divided by 44?
20
What is the remainder when 5952778 is divided by 51?
7
Calculate the remainder when 156614 is divided by 265.
264
Calculate the remainder when 42849390 is divided by 10712345.
10
What is the remainder when 1235147 is divided by 403?
355
Calculate the remainder when 1757246 is divided by 219.
209
Calculate the remainder when 270696998 is divided by 135348496.
6
What is the remainder when 948432 is divided by 948283?
149
What is the remainder when 4044459 is divided by 78?
3
Calculate the remainder when 464396 is divided by 2849.
9
What is the remainder when 8067310 is divided by 218034?
52
What is the remainder when 95081 is divided by 3803?
6
What is the remainder when 101026 is divided by 24754?
2010
Calculate the remainder when 6158981 is divided by 176.
37
Calculate the remainder when 297275 is divided by 1708.
83
What is the remainder when 1193365 is divided by 238659?
70
What is the remainder when 93017 is divided by 7149?
80
Calculate the remainder when 1696463 is divided by 256.
207
Calculate the remainder when 457484 is divided by 287.
6
Calculate the remainder when 584986 is divided by 11470.
16
Calculate the remainder when 10310188 is divided by 73.
33
Calculate the remainder when 369478 is divided by 1261.
5
Calculate the remainder when 361104 is divided by 2.
0
Calculate the remainder when 3104638 is divided by 140.
138
What is the remainder when 1433836 is divided by 2758?
2434
Calculate the remainder when 170325 is divided by 33674.
1955
Calculate the remainder when 7061099 is divided by 1176849.
5
What is the remainder when 32963 is divided by 4580?
903
Calculate the remainder when 5640060 is divided by 1076.
744
Calculate the remainder when 341932 is divided by 14038.
5020
What is the remainder when 87927 is divided by 4224?
3447
Calculate the remainder when 548037 is divided by 518.
511
Calculate the remainder when 22957108 is divided by 79712.
52
Calculate the remainder when 11096 is divided by 7020.
4076
Calculate the remainder when 91499326 is divided by 5718706.
30
Calculate the remainder when 5312701 is divided by 223.
172
Calculate the remainder when 124283679 is divided by 32.
31
Calculate the remainder when 163134739 is divided by 8.
3
Calculate the remainder when 21555620 is divided by 125.
120
Calculate the remainder when 7307811 is divided by 1965.
1941
What is the remainder when 1901022 is divided by 41?
16
What is the remainder when 230743540 is divided by 50?
40
Calculate the remainder when 9016078 is divided by 1101.
1090
Calculate the remainder when 87122 is divided by 457.
292
What is the remainder when 42161320 is divided by 13049?
1
What is the remainder when 295258 is divided by 57?
55
Calculate the remainder when 6990 is divided by 1989.
1023
What is the remainder when 263891 is divided by 87946?
53
What is the remainder when 181632 is divided by 2543?
1079
Calculate the remainder when 61445 is divided by 5328.
2837
What is the remainder when 3470821 is divided by 3488?
261
What is the remainder when 10560128 is divided by 848?
832
Calculate the remainder when 2840583 is divided by 4634.
4575
Calculate the remainder when 4770714 is divided by 6361.
6325
Calculate the remainder when 485975 is divided by 12.
11
What is the remainder when 26611731 is divided by 38963?
2
What is the remainder when 6794924 is divided by 1132391?
578
Calculate the remainder when 16150 is divided by 1211.
407
Calculate the remainder when 1033510 is divided by 9.
4
Calculate the remainder when 5401269 is divided by 123.
93
What is the remainder when 128308 is divided by 11629?
389
Calculate the remainder when 8517501 is divided by 121675.
251
Calculate the remainder when 7590643 is divided by 34.
7
What is the remainder 